*3 - 4*b**2 - b - 1. Let q(g) = -3*g + 8. Let r be q(4). What is the units digit of a(r)?
3
Let t be ((-20)/6)/((-10)/15). Suppose -5*y = -t*o - 20, 3*o - y + 2 = -0. Suppose 5*l = 15, -4*j + 5*l + o = -12. What is the units digit of j?
7
Let r(s) = s**2 + 1. Let g(m) = -5*m**2 - 11*m - 7. Let b(d) = -g(d) - 4*r(d). What is the units digit of b(-13)?
9
Suppose 5*i - 188 + 3 = 0. Suppose 4*c + i = -211. What is the tens digit of c*(-4)/16*2?
3
Let b = -2 - -7. Let g = 25 + -15. What is the units digit of 36/g + (-3)/b?
3
Suppose 6532 + 100036 = 22*t. What is the thousands digit of t?
4
Suppose 2*a + 3*a = 0. Suppose -4*m + 324 + 48 = 4*o, a = 2*o. What is the units digit of m?
3
Let n be (1 + -1)/(-8 + 9). Suppose n*w + w = -47. Let i = -26 - w. What is the tens digit of i?
2
Suppose 267*u - 58872 = 245*u. What is the thousands digit of u?
2
Let i(z) = 3*z**2 + 2*z + 3. Suppose 0 = 4*c - 12 - 0. Let w be i(c). Suppose 0 = 4*a + 4*l - 104, 2*l - w = -4*a + 62. What is the units digit of a?
3
Suppose 0*c - 2*a = 4*c - 1968, -2*c + 988 = 3*a. What is the units digit of c?
1
Suppose -16 = -4*p + 8. Suppose -5*r = -31 + p. Suppose -224 = -r*q + d, 220 = 6*q - q - 5*d. What is the tens digit of q?
4
What is the units digit of -8 + 354*(-6)/(-18)?
0
Let o(v) be the first derivative of -1/4*v**4 - 3 + 4/3*v**3 + v + 0*v**2. What is the units digit of o(4)?
1
Let c be (105 - -1) + -4 + 3. Suppose -o = 5*v - 131, -4*v + o = 2*o - c. Suppose 2*f - 66 + v = 0. What is the tens digit of f?
2
Let r = 83 + -21. Suppose -3*n = j + 2*n + r, 64 = -2*j + 5*n. What is the tens digit of (-4)/(-14) + (-870)/j?
2
Let s(l) = -153*l + 9. What is the hundreds digit of s(-7)?
0
What is the thousands digit of (12/21)/((-226023)/32291 + 7)?
1
Suppose 19 + 8 = m. Suppose 2*t + 13 - m = 0. What is the units digit of t?
7
Suppose f + 2*i - 1700 = 0, -3*f + 5116 = -0*f - 2*i. What is the units digit of f?
4
Let o(x) = -x**3 - 26*x**2 + 15*x + 223. What is the thousands digit of o(-28)?
1
Suppose -2*r + 2*t + 18 = -3*t, -4*t = -r + 9. Suppose -r*d = -1468 - 251. What is the tens digit of d?
9
Suppose 4*b = 840 + 72. What is the hundreds digit of b?
2
Suppose -35 = -5*m + 5*o, -3*o = -0*m + m + 13. Suppose 3 = m*q - 25. What is the tens digit of q?
1
Let r(b) = -13*b**3 - 3*b**2 + 6. What is the tens digit of r(-2)?
9
Suppose 3*q - 8 = 43. Let a = 21 - q. Suppose -4*b = -4*s + 2*s + 20, -a*s - b + 58 = 0. What is the units digit of s?
4
Let o(l) = 2 - 3 - 4 + 2*l. What is the tens digit of o(19)?
3
Let t(f) = -f**3 + 6*f**2 + 6*f - 5. Let j(z) = -3*z. Suppose 3*y - 3 = -6. Let w be j(y). What is the units digit of t(w)?
0
Let m(s) = -3*s + 163. What is the tens digit of m(-22)?
2
Let g = 461 - -857. What is the units digit of g?
8
Suppose -2*r - 8 = -14. Suppose -r*x + 0*m = -m - 89, -4*x = -4*m - 116. What is the tens digit of x?
3
Suppose 4*a - 5*q - 75 = -a, -5*a + q = -59. Suppose a*l - 108 - 1014 = 0. What is the units digit of l?
2
Suppose 2*s - 30 = 2*x, 3*s - x + 4*x - 75 = 0. What is the units digit of s?
0
What is the thousands digit of (-1 - 2)*(-7)/21 - -2222?
2
Suppose 1464 = -31*i + 39*i. What is the units digit of i?
3
Let t(x) = -910*x + 8. Let k be t(-1). Suppose -9*w + k + 612 = 0. What is the hundreds digit of w?
1
Suppose -3*x - g + 10 = -5*x, 0 = -2*g. Let o = x + 23. What is the units digit of o?
8
Suppose 0 = -5*k + 5, -c + 0*k - 2 = 3*k. Let v be (-33)/c - (-4)/10. Suppose 5*n = 5, v*n - 21 = -u + 5*n. What is the tens digit of u?
1
Let z = 125 + -56. Let x(n) = -12*n**2 + n + 1. Let b be x(2). Let h = b + z. What is the units digit of h?
4
Let j be (-1 - 1 - 1)/(-3). Let u be 1 + 0 - j/(-1). Suppose 113 = 4*g - 5*d, 0 = 5*g - 8*g - u*d + 56. What is the tens digit of g?
2
Let c(a) = -a**3 + 13*a**2 + 16*a - 23. What is the tens digit of c(12)?
1
Let l(p) = -2400*p**3 - 4*p**2 + 3. What is the units digit of l(-1)?
9
What is the tens digit of (-15512)/(-32) - (-3)/12?
8
Suppose -10076 = -383*i + 372*i. What is the units digit of i?
6
Suppose a = 4*d - 14, -d + 2*d - 4*a + 4 = 0. Suppose -3*l - 50 = -2*m - d*l, -5*m - 4*l + 119 = 0. What is the units digit of m?
7
Suppose -3*u = y - 3*y - 646, -5*y - 1569 = 4*u. Let r = y - -509. What is the units digit of r?
2
Let b be (-1011)/(-9) + 4/6. Let w = -81 + b. What is the units digit of w?
2
Let c(a) = a**3 - 6*a**2 + 5*a + 1. Let n be c(5). Let s = -224 - -246. What is the tens digit of 2/n - (2 - s)?
2
Let v(d) = -d**3 - 10*d**2 + 17*d - 14. What is the tens digit of v(-13)?
7
Suppose -7*l - 1494 = -l. Let g = l - -466. What is the units digit of g?
7
What is the thousands digit of (-1)/(-8) - 83324/(-32)?
2
Suppose 57*a - 66*a = -4320. What is the hundreds digit of a?
4
Let f be (-4 - 70/(-15))*-12. Suppose -d + 40 = -6*d. What is the tens digit of (-14)/((d/(-2))/f)?
2
Let o(c) = c**2 + 4*c + 4. Let l be o(-3). What is the units digit of (l/5*-166)/((-12)/30)?
3
Let b be 16 + -14 + (-12)/2. Let z(j) = -3*j + 3. What is the tens digit of z(b)?
1
Let p be -57*(227/3 + -1). What is the hundreds digit of 2/(-5) - p/40?
1
Let u = 215 - 79. What is the tens digit of u?
3
Suppose 7*k - 121 = 390. Suppose 6*x - k = -37. What is the units digit of x?
6
Let k(y) = 625*y**2 + 30*y - 29. What is the hundreds digit of k(1)?
6
Let g be (30/21)/(2/14). What is the units digit of g - -4*(0 - 1)?
6
Let g(v) = -2*v**3 - v**2 - 11*v - 14. What is the thousands digit of g(-8)?
1
Suppose -14 = 2*n - 9*n. Suppose 64 = f - 2*r, 2*r - n = -f + 50. What is the units digit of f?
8
Let h(b) be the third derivative of -b**6/60 + b**4/6 + b**3/6 - b**2. Let j(c) = 16*c - 3. Let s be j(0). What is the units digit of h(s)?
3
Suppose -7*k + 11*k - 1780 = 0. Suppose -2*x + k = -5*p, -3*x = x + 4*p - 848. What is the tens digit of x?
1
Suppose 2*p - 39 - 71 = 0. Suppose -80 = -5*r + w, -3*w + 97 + 3 = 5*r. Suppose 0 = 4*b - r - p. What is the units digit of b?
8
Suppose 3*l - 1607 = 3*m + 577, 4*l - 2952 = -4*m. What is the tens digit of l?
3
Suppose 0 = -14*x + 12*x + 3*i + 2806, i + 7041 = 5*x. What is the tens digit of x?
0
Let n(q) = -q**3 + 12*q**2 + 11*q - 11. Let o be n(12). Let w = o - 16. What is the units digit of w?
5
Suppose 2*b = 3449 + 51. What is the hundreds digit of b?
7
Let y(t) = -12*t + 19. Suppose 5*f = 4*q + 48, q = -4*f - 11 - 22. What is the units digit of y(q)?
3
Let m be 0/(1*(3 - -1)). What is the tens digit of (3 - m)*11 + 4?
3
Let m be (-26)/(-143) - 2407/(-11). Let q = m - 155. What is the tens digit of q?
6
Let h = 1071 - 2093. What is the tens digit of h/(-6) - (-6)/9?
7
Suppose -5*d + 3*d = -2*q + 2, 5*d + 3*q = -5. Let x be (2/(-6))/(d/15). Suppose -4*p + 4*g = p - 177, 4*p - 138 = x*g. What is the tens digit of p?
3
Suppose -5*w + 8*w = -5*k - 143, -k + 201 = -5*w. Let m = w + 188. What is the hundreds digit of m?
1
Suppose -5*d = 5, -5*z = 2*d - 0 + 2. Suppose -12*s = -34 - 2. Suppose z = -3*o + t + 31, -3*t = -s*o + 4*o - 7. What is the tens digit of o?
1
Let f(q) = -65*q - 14. Let s be f(-6). Suppose -50*u = -48*u - s. What is the units digit of u?
8
Let o be (-1 - 3)*36/16. Let b = -3 - o. Suppose b*p - 58 = 4*p. What is the units digit of p?
9
Suppose 0 = -m - 5*f - 7, 3*f + 10 = 2*m + f. Suppose m = 3*t - k, -2 = 3*t - 2*k - 5. What is the units digit of t?
1
Suppose -8*o = -9*o + 5. Suppose 93 - 263 = o*c. Let a = 26 - c. What is the tens digit of a?
6
Let z = -5178 + 8260. What is the tens digit of z?
8
Suppose a + 4*p - 2848 = 0, -3*p + 8 = -5*p. What is the thousands digit of a?
2
Let b(n) = -n**2 + 5*n + 2. Let i be b(2). Suppose -3*k + 7 + i = 0. Let o(s) = 6*s. What is the tens digit of o(k)?
3
Suppose -2*y + z + 1222 = 0, 6*z + 1230 = 2*y + 7*z. What is the tens digit of y?
1
Suppose 64*a - 47104 = 41*a. What is the tens digit of a?
4
Let z = 609 - 371. What is the tens digit of z?
3
Let u(b) = -b**3 - 9*b**2 + 7*b - 14. Let l = -51 + 40. What is the tens digit of u(l)?
5
Let q = 1110 + -345. What is the units digit of q?
5
What is the tens digit of (-6)/(-4) + (7084/8 - -5)?
9
Suppose -2*j - 3 + 7 = -4*p, 3*j = p + 6. Suppose 3 = 2*q - q. Suppose 2 = z, -q*k = j*k + 4*z - 78. What is the units digit of k?
4
Let z be 88/16 - 3/2. Suppose -5*u + 125 = 3*x, -z*x = -2*x. What is the tens d